rs of 2491392.
2, 3, 811
What are the prime factors of 34101407?
34101407
What are the prime factors of 203418?
2, 3, 3767
List the prime factors of 158684.
2, 39671
List the prime factors of 2798292.
2, 3, 7, 4759
What are the prime factors of 2763071?
2763071
List the prime factors of 2002032.
2, 3, 13903
What are the prime factors of 20104085?
5, 1049, 3833
List the prime factors of 10139879.
29, 317, 1103
List the prime factors of 336317.
336317
List the prime factors of 104618.
2, 17, 181
List the prime factors of 13957560.
2, 3, 5, 137, 283
List the prime factors of 3016967.
83, 163, 223
List the prime factors of 7081145.
5, 83, 113, 151
List the prime factors of 901054.
2, 7, 11, 5851
List the prime factors of 189071.
43, 4397
What are the prime factors of 886162?
2, 563, 787
List the prime factors of 9794530.
2, 5, 821, 1193
List the prime factors of 1793394.
2, 3, 33211
What are the prime factors of 306935?
5, 17, 23, 157
What are the prime factors of 763514?
2, 381757
What are the prime factors of 2987862?
2, 3, 497977
What are the prime factors of 2960047?
2960047
What are the prime factors of 1473611?
17, 5099
What are the prime factors of 1445487?
3, 137, 3517
List the prime factors of 19511205.
3, 5, 7, 185821
List the prime factors of 1901564.
2, 7, 113, 601
What are the prime factors of 3077704?
2, 7, 54959
List the prime factors of 1099004.
2, 274751
List the prime factors of 20383850.
2, 5, 17, 23981
List the prime factors of 496839.
3, 7, 59, 401
What are the prime factors of 3762661?
7, 17, 4517
What are the prime factors of 532178?
2, 266089
What are the prime factors of 539719?
29, 37, 503
List the prime factors of 21385615.
5, 29, 147487
What are the prime factors of 76070?
2, 5, 7607
List the prime factors of 5039786.
2, 17, 148229
What are the prime factors of 2715400?
2, 5, 13577
What are the prime factors of 411883?
411883
List the prime factors of 1098763.
311, 3533
List the prime factors of 407169.
3, 7, 23, 281
What are the prime factors of 510622?
2, 7, 36473
List the prime factors of 2867326.
2, 7, 11, 43, 433
List the prime factors of 2196306.
2, 3, 7, 17431
List the prime factors of 664935.
3, 5, 97, 457
List the prime factors of 154584.
2, 3, 19, 113
List the prime factors of 3934015.
5, 786803
What are the prime factors of 144505?
5, 28901
What are the prime factors of 912363?
3, 179, 1699
What are the prime factors of 24423390?
2, 3, 5, 17, 313
What are the prime factors of 3156360?
2, 3, 5, 29, 907
What are the prime factors of 3932394?
2, 3, 655399
What are the prime factors of 356687?
19, 18773
List the prime factors of 8833365.
3, 5, 73, 2689
List the prime factors of 3733574.
2, 13, 17, 8447
What are the prime factors of 34803445?
5, 883, 7883
List the prime factors of 2310591.
3, 431, 1787
What are the prime factors of 267270?
2, 3, 5, 59, 151
What are the prime factors of 3112639?
3112639
List the prime factors of 43778.
2, 7, 53, 59
List the prime factors of 85696.
2, 13, 103
List the prime factors of 28641535.
5, 13, 89, 4951
What are the prime factors of 13425656?
2, 1678207
What are the prime factors of 240006?
2, 3, 13, 17, 181
List the prime factors of 703104.
2, 3, 1831
What are the prime factors of 3732687?
3, 7, 179, 331
List the prime factors of 24325120.
2, 5, 4751
What are the prime factors of 4693116?
2, 3, 113, 3461
What are the prime factors of 277999?
277999
What are the prime factors of 2954633?
11, 19, 67, 211
What are the prime factors of 27143432?
2, 487, 6967
List the prime factors of 55066.
2, 11, 2503
List the prime factors of 3136696.
2, 392087
What are the prime factors of 13237145?
5, 2647429
List the prime factors of 2788981.
13, 61, 3517
List the prime factors of 1763230.
2, 5, 7, 25189
List the prime factors of 153369.
3, 17041
What are the prime factors of 10100187?
3, 83, 4507
What are the prime factors of 4171504?
2, 41, 6359
List the prime factors of 101625.
3, 5, 271
What are the prime factors of 15665651?
15665651
What are the prime factors of 1791776?
2, 7, 19, 421
List the prime factors of 16000460.
2, 5, 7, 29, 563
What are the prime factors of 368381?
13, 43, 659
What are the prime factors of 35181?
3, 1303
What are the prime factors of 837935?
5, 7, 89, 269
List the prime factors of 400665.
3, 5, 26711
What are the prime factors of 1728107?
19, 4787
What are the prime factors of 2651745?
3, 5, 17, 10399
What are the prime factors of 7841181?
3, 2613727
What are the prime factors of 208310?
2, 5, 37, 563
What are the prime factors of 794352?
2, 3, 13, 19, 67
What are the prime factors of 348952?
2, 53, 823
What are the prime factors of 17863807?
13, 47, 173
What are the prime factors of 653495?
5, 130699
List the prime factors of 305711.
7, 17, 367
What are the prime factors of 446138?
2, 7, 11, 2897
What are the prime factors of 16650096?
2, 3, 346877
List the prime factors of 2412585.
3, 5, 7, 23, 37
What are the prime factors of 79534?
2, 7, 13, 19, 23
What are the prime factors of 164577?
3, 7, 17, 461
What are the prime factors of 230537?
17, 71, 191
What are the prime factors of 397918?
2, 198959
List the prime factors of 8465.
5, 1693
List the prime factors of 28026867.
3, 11, 7019
What are the prime factors of 474383?
7, 13, 401
List the prime factors of 477298.
2, 238649
What are the prime factors of 377766?
2, 3, 31, 677
List the prime factors of 217822.
2, 11, 9901
What are the prime factors of 634557?
3, 7, 11, 41, 67
List the prime factors of 221002.
2, 110501
What are the prime factors of 114827?
114827
List the prime factors of 8684820.
2, 3, 5, 1787
List the prime factors of 185070.
2, 3, 5, 31, 199
List the prime factors of 23115.
3, 5, 23, 67
List the prime factors of 4908305.
5, 251, 3911
List the prime factors of 3787372.
2, 107, 8849
What are the prime factors of 2579335?
5, 11, 23, 2039
List the prime factors of 1413636.
2, 3, 7, 16829
What are the prime factors of 1065393?
3, 7, 1879
What are the prime factors of 1203442?
2, 29, 20749
List the prime factors of 140261.
11, 41, 311
What are the prime factors of 238913?
173, 1381
What are the prime factors of 317091?
3, 19, 5563
What are the prime factors of 205972?
2, 13, 17, 233
What are the prime factors of 31361981?
7, 59, 75937
List the prime factors of 155073.
3, 51691
List the prime factors of 2962000.
2, 5, 1481
List the prime factors of 11509014.
2, 3, 11, 103, 1693
List the prime factors of 270933.
3, 13, 6947
What are the prime factors of 2758545?
3, 5, 59, 1039
List the prime factors of 21166.
2, 19, 557
What are the prime factors of 1829071?
83, 22037
List the prime factors of 3419.
13, 263
List the prime factors of 13458041.
13458041
What are the prime factors of 6709575?
3, 5, 137, 653
What are the prime factors of 1277153?
109, 11717
What are the prime factors of 7640287?
7640287
List the prime factors of 11857669.
103, 115123
List the prime factors of 19952577.
3, 17, 130409
What are the prime factors of 10222626?
2, 3, 23, 74077
What are the prime factors of 1978957?
73, 27109
What are the prime factors of 216276?
2, 3, 67, 269
List the prime factors of 136485.
3, 5, 337
List the prime factors of 232988.
2, 7, 53, 157
List the prime factors of 11495077.
11, 17, 61471
List the prime factors of 424443.
3, 141481
What are the prime factors of 4055373?
3, 7, 43, 499
What are the prime factors of 2031344?
2, 7, 2591
What are the prime factors of 1439104?
2, 11243
List the prime factors of 6842328.
2, 3, 137, 2081
What are the prime factors of 510866?
2, 179, 1427
List the prime factors of 49419.
3, 17, 19
What are the prime factors of 225846?
2, 3, 12547
List the prime factors of 166085.
5, 59, 563
What are the prime factors of 765666?
2, 3, 11, 1289
List the prime factors of 716587.
401, 1787
What are the prime factors of 603426?
2, 3, 163, 617
List the prime factors of 621008.
2, 37, 1049
What are the prime factors of 2943099?
3, 327011
What are the prime factors of 939614?
2, 13, 71, 509
List the prime factors of 439607.
7, 62801
List the prime factors of 1272868.
2, 29, 10973
List the prime factors of 804172.
2, 23, 8741
What are the prime factors of 1662810?
2, 3, 5, 43, 1289
What are the prime factors of 1691172?
2, 3, 7, 2237
What are the prime factors of 219657?
3, 1